mon divisor of 2016 and 2128?
112
Calculate the highest common factor of 2256 and 264.
24
What is the greatest common factor of 114 and 95?
19
What is the highest common divisor of 1195 and 50?
5
What is the highest common factor of 4617 and 114?
57
Calculate the highest common divisor of 160 and 368.
16
Calculate the greatest common divisor of 126 and 10290.
42
What is the greatest common divisor of 132 and 240?
12
Calculate the greatest common factor of 27 and 495.
9
What is the highest common factor of 264 and 324?
12
What is the greatest common divisor of 18 and 2466?
18
Calculate the greatest common divisor of 168 and 2205.
21
Calculate the highest common factor of 31 and 16.
1
What is the highest common divisor of 165 and 15?
15
What is the highest common divisor of 30 and 705?
15
Calculate the greatest common divisor of 140 and 875.
35
What is the highest common divisor of 11 and 1067?
11
Calculate the highest common factor of 9632 and 64.
32
What is the highest common divisor of 224 and 9888?
32
Calculate the highest common factor of 23861 and 446.
223
Calculate the highest common factor of 1254 and 342.
114
What is the highest common factor of 1344 and 42?
42
Calculate the highest common divisor of 28 and 224.
28
Calculate the greatest common factor of 28 and 1834.
14
What is the highest common factor of 54 and 27?
27
Calculate the greatest common factor of 71 and 16969.
71
Calculate the highest common factor of 1312 and 41.
41
What is the greatest common factor of 6 and 5064?
6
Calculate the highest common factor of 1815 and 15.
15
What is the highest common factor of 56 and 154?
14
Calculate the greatest common factor of 1710 and 45.
45
What is the highest common factor of 80 and 85?
5
What is the highest common factor of 17368 and 156?
52
Calculate the highest common divisor of 21 and 7.
7
What is the greatest common factor of 80 and 440?
40
What is the greatest common factor of 130 and 195?
65
Calculate the greatest common divisor of 30 and 990.
30
What is the highest common divisor of 33 and 44?
11
Calculate the greatest common divisor of 20 and 1500.
20
What is the highest common factor of 95 and 2755?
95
What is the greatest common divisor of 36 and 207?
9
What is the highest common factor of 121 and 2299?
121
What is the greatest common factor of 36 and 48?
12
What is the greatest common factor of 273 and 1287?
39
Calculate the greatest common factor of 176 and 44.
44
Calculate the highest common divisor of 10 and 9435.
5
Calculate the highest common factor of 1533 and 9.
3
Calculate the greatest common factor of 11 and 1.
1
Calculate the highest common divisor of 88 and 85976.
88
Calculate the greatest common factor of 2210 and 130.
130
What is the highest common factor of 28 and 3612?
28
Calculate the greatest common divisor of 15 and 240.
15
Calculate the greatest common divisor of 124 and 1147.
31
What is the greatest common divisor of 162 and 2?
2
Calculate the greatest common divisor of 117 and 18.
9
What is the greatest common factor of 24 and 156?
12
Calculate the highest common factor of 45 and 171.
9
What is the greatest common divisor of 12 and 300?
12
Calculate the greatest common factor of 31 and 31.
31
Calculate the greatest common factor of 9 and 3123.
9
Calculate the greatest common divisor of 10 and 16970.
10
Calculate the greatest common factor of 470 and 100.
10
Calculate the greatest common factor of 1370 and 20.
10
Calculate the highest common factor of 54 and 48.
6
What is the highest common divisor of 480 and 15?
15
Calculate the greatest common factor of 4 and 172.
4
Calculate the highest common factor of 70 and 1070.
10
What is the highest common divisor of 24 and 279?
3
What is the highest common factor of 840 and 152?
8
Calculate the greatest common divisor of 35 and 1897.
7
What is the highest common factor of 34 and 8?
2
Calculate the greatest common divisor of 135 and 75.
15
What is the highest common factor of 6 and 2076?
6
What is the highest common divisor of 105 and 35?
35
What is the greatest common factor of 1573 and 13?
13
Calculate the greatest common divisor of 282 and 2021.
47
What is the highest common divisor of 8 and 24?
8
Calculate the highest common factor of 90 and 3945.
15
What is the greatest common divisor of 7080 and 60?
60
Calculate the greatest common factor of 19 and 3097.
19
Calculate the greatest common factor of 24 and 87.
3
What is the highest common factor of 37 and 185?
37
What is the highest common divisor of 832 and 192?
64
Calculate the greatest common divisor of 140 and 25690.
70
What is the greatest common divisor of 216 and 1212?
12
Calculate the highest common divisor of 264 and 2208.
24
What is the greatest common factor of 330 and 3938?
22
Calculate the highest common factor of 3146 and 91.
13
What is the greatest common factor of 19796 and 56?
28
What is the greatest common divisor of 7686 and 189?
63
What is the highest common factor of 10945 and 330?
55
Calculate the greatest common factor of 54 and 621.
27
Calculate the greatest common factor of 216 and 84.
12
Calculate the greatest common factor of 132 and 33.
33
What is the greatest common divisor of 6 and 474?
6
What is the highest common divisor of 54 and 114?
6
What is the highest common factor of 592 and 666?
74
What is the highest common divisor of 22 and 2486?
22
What is the highest common divisor of 140 and 95?
5
Calculate the greatest common divisor of 595 and 35.
35
What is the highest common divisor of 1878 and 102?
6
What is the highest common factor of 56 and 189?
7
Calculate the greatest common divisor of 228 and 627.
57
What is the highest common divisor of 259 and 7?
7
Calculate the greatest common factor of 69 and 161.
23
Calculate the greatest common divisor of 12 and 588.
12
Calculate the greatest common divisor of 7 and 973.
7
What is the highest common factor of 1089 and 1287?
99
Calculate the highest common factor of 20 and 785.
5
What is the greatest common factor of 5 and 1?
1
Calculate the highest common divisor of 13017 and 3.
3
What is the highest common divisor of 22407 and 231?
231
Calculate the highest common divisor of 36 and 276.
12
What is the greatest common factor of 15 and 1695?
15
What is the highest common factor of 648 and 144?
72
Calculate the highest common divisor of 380 and 40.
20
Calculate the highest common factor of 722 and 114.
38
What is the greatest common divisor of 295 and 10?
5
What is the highest common factor of 14870 and 10?
10
Calculate the highest common divisor of 85 and 20.
5
Calculate the highest common divisor of 17808 and 168.
168
Calculate the highest common factor of 114 and 6.
6
Calculate the greatest common factor of 7 and 77.
7
Calculate the greatest common divisor of 1845 and 135.
45
What is the highest common divisor of 32 and 32?
32
Calculate the greatest common factor of 32 and 6.
2
What is the highest common divisor of 16 and 304?
16
What is the greatest common divisor of 55 and 297?
11
What is the greatest common divisor of 15360 and 10?
10
Calculate the greatest common divisor of 140 and 27580.
140
Calculate the greatest common divisor of 42 and 525.
21
What is the greatest common divisor of 182 and 377?
13
What is the greatest common divisor of 153 and 18?
9
Calculate the greatest common divisor of 500 and 130.
10
Calculate the highest common factor of 2139 and 1860.
93
What is the greatest common factor of 648 and 24?
24
Calculate the greatest common factor of 2992 and 1408.
176
Calculate the highest common divisor of 26 and 988.
26
What is the highest common factor of 590 and 250?
10
What is the greatest common factor of 1577 and 913?
83
Calculate the greatest common divisor of 737 and 583.
11
Calculate the greatest common divisor of 2928 and 648.
24
Calculate the greatest common divisor of 381 and 3.
3
Calculate the greatest common factor of 94 and 22842.
94
Calculate the greatest common factor of 60 and 660.
60
Calculate the highest common factor of 4 and 38188.
4
Calculate the greatest common divisor of 510 and 30.
30
Calculate the greatest common divisor of 1087 and 2.
1
What is the highest common factor of 168 and 63?
21
Calculate the highest common divisor of 414 and 322.
46
What is the greatest common factor of 390 an